{"id":187,"date":"2017-02-16T09:39:18","date_gmt":"2017-02-16T09:39:18","guid":{"rendered":"http:\/\/pelsut.fi\/?page_id=187"},"modified":"2017-02-16T09:41:52","modified_gmt":"2017-02-16T09:41:52","slug":"poistumisharjoitus","status":"publish","type":"page","link":"https:\/\/safe-team.fi\/?page_id=187","title":{"rendered":"Poistumisharjoitukset"},"content":{"rendered":"<p>Poistumisharjoitukset, joita m\u00e4\u00e4r\u00e4ajoin toistetaan, on kiinteist\u00f6ss\u00e4 keino varmistua siit\u00e4, ett\u00e4 henkil\u00f6st\u00f6 osaa tarpeen vaatiessa poistua turvallisesti rakennuksesta.<\/p>\n<p>Harjoituksella valmennetaan turvallisuushenkil\u00f6st\u00f6\u00e4 toimimaan laadittujen ohjeiden mukaisesti.<\/p>\n","protected":false},"excerpt":{"rendered":"<p>Poistumisharjoitukset, joita m\u00e4\u00e4r\u00e4ajoin toistetaan, on kiinteist\u00f6ss\u00e4 keino varmistua siit\u00e4, ett\u00e4 henkil\u00f6st\u00f6 osaa tarpeen vaatiessa poistua turvallisesti rakennuksesta. Harjoituksella valmennetaan turvallisuushenkil\u00f6st\u00f6\u00e4 toimimaan laadittujen ohjeiden mukaisesti.<\/p>\n","protected":false},"author":1,"featured_media":0,"parent":43,"menu_order":0,"comment_status":"closed","ping_status":"closed","template":"","meta":{"footnotes":""},"_links":{"self":[{"href":"https:\/\/safe-team.fi\/index.php?rest_route=\/wp\/v2\/pages\/187"}],"collection":[{"href":"https:\/\/safe-team.fi\/index.php?rest_route=\/wp\/v2\/pages"}],"about":[{"href":"https:\/\/safe-team.fi\/index.php?rest_route=\/wp\/v2\/types\/page"}],"author":[{"embeddable":true,"href":"https:\/\/safe-team.fi\/index.php?rest_route=\/wp\/v2\/users\/1"}],"replies":[{"embeddable":true,"href":"https:\/\/safe-team.fi\/index.php?rest_route=%2Fwp%2Fv2%2Fcomments&post=187"}],"version-history":[{"count":3,"href":"https:\/\/safe-team.fi\/index.php?rest_route=\/wp\/v2\/pages\/187\/revisions"}],"predecessor-version":[{"id":190,"href":"https:\/\/safe-team.fi\/index.php?rest_route=\/wp\/v2\/pages\/187\/revisions\/190"}],"up":[{"embeddable":true,"href":"https:\/\/safe-team.fi\/index.php?rest_route=\/wp\/v2\/pages\/43"}],"wp:attachment":[{"href":"https:\/\/safe-team.fi\/index.php?rest_route=%2Fwp%2Fv2%2Fmedia&parent=187"}],"curies":[{"name":"wp","href":"https:\/\/api.w.org\/{rel}","templated":true}]}}